f h.
5
Let j be 6*(-20)/(-8) - -2. Let x = -10 + j. List the prime factors of x.
7
Let n be 21 + (-1)/1 + -1. Suppose 5 + n = 3*a. Suppose 5*m = a + 22. What are the prime factors of m?
2, 3
Let c = -27 + 38. Let o = -5 + c. What are the prime factors of o?
2, 3
Let w(m) = 4*m**3 + 3*m**2 - 9*m + 10. What are the prime factors of w(3)?
2, 59
Suppose 3*o = 2*o + 5. Suppose -o*h = -0*h - 85. List the prime factors of h.
17
Suppose 0 = 5*m - 0*m. Suppose m = -2*i + 8 + 16. What are the prime factors of i?
2, 3
Let l be 9/(6/9 - 1). What are the prime factors of (l/(-6))/((-2)/(-4))?
3
Let z(d) = 12*d**3 - d**2 + d. Let g be z(1). Let u(w) = -w**2 + 13*w + 17. List the prime factors of u(g).
29
List the prime factors of 61/((-2)/(40/(-85)) + -4).
2, 61
Let v(i) = 2*i**2 - 9*i + 16. List the prime factors of v(7).
3, 17
Let g(q) = -q**3 + 8*q**2 - 6*q + 4. Suppose 7 + 7 = 2*y. List the prime factors of g(y).
11
Let r(g) = 5*g**2 + 4*g - 7. List the prime factors of r(6).
197
Let i(m) = 3*m**2 - 4*m - 17. List the prime factors of i(5).
2, 19
Suppose 0 = -l + 5*g - 10*g + 34, 5*g - 136 = -4*l. List the prime factors of l.
2, 17
List the prime factors of (-17)/((-3)/(-15)*-1).
5, 17
Let x(u) = -u**3 - 17*u**2 - 18*u - 23. List the prime factors of x(-16).
3
Suppose 4*z - 6 = z. What are the prime factors of z?
2
Let g(x) = x**2 - 2. Let t be g(-2). Suppose -t*p = -8 - 16. List the prime factors of p.
2, 3
Let u(d) = -d**2 + 7*d - 5. Let a be u(6). Let j be a*(-12)/(-5)*-5. Let r = j + 20. List the prime factors of r.
2
Suppose i = 2*i + 25. Let o = 43 + i. What are the prime factors of o?
2, 3
Let t(k) be the second derivative of -k**3/3 - 6*k**2 - 4*k. What are the prime factors of t(-12)?
2, 3
Let q be (2 - 10/8)*4. Suppose 0 = q*t - 2*h - 2 - 43, 0 = -4*h. What are the prime factors of t?
3, 5
Let y(i) = -18*i - 2. What are the prime factors of y(-4)?
2, 5, 7
Let m(i) = -6*i - 2. Let o be m(-4). List the prime factors of (-4)/o - (-79)/11.
7
Let o(z) = z**2 - 3*z - 6. What are the prime factors of o(-4)?
2, 11
Let q = -14 + 19. Suppose q*u - 67 = -2. List the prime factors of u.
13
Let a = 4 + -2. Let o(k) = -k**3 + 2*k**2 - 2*k + 2. Let n be o(a). List the prime factors of (-3)/6 + (-13)/n.
2, 3
Let o(f) be the first derivative of -7*f**2/2 - 2*f + 2. Suppose -5*m - 2 = 4*j - 8*j, -4*m - 4*j = 16. What are the prime factors of o(m)?
2, 3
Suppose 25 = 5*f + 4*o, 5*o = 2*f + 2*f + 21. Let j be 5 + 0 + f - 1. Suppose 0 = a - 5*a + 2*q + 14, 0 = j*q - 15. List the prime factors of a.
5
Suppose -2 = y, 7*m = 2*m + 2*y - 31. What are the prime factors of (m - 7)*(-12)/14?
2, 3
Suppose d + 19 = -c - 2*c, -10 = -2*c + 5*d. Let n = c - -10. What are the prime factors of n?
5
Suppose 0*p + 311 = p + g, 5*p - 1541 = 2*g. What are the prime factors of p?
3, 103
Let h(z) be the second derivative of -z**5/20 + z**4/3 - 2*z**2 + 2*z. What are the prime factors of h(3)?
5
Let c be 1*5/1*1. Suppose -160 = -c*k - 50. List the prime factors of k.
2, 11
Let k be (21/15 - 1)*190. Suppose 0 = -2*s - 30 + k. What are the prime factors of s?
23
Let f be (0 - (3 - 5)) + 1. Let n be f + 5 + -3*1. Suppose 0 = -g - 4*k - 1, 5*g + 5*k - 5 = n. List the prime factors of g.
3
Suppose 4*c - 9 = -1. Suppose 0 = s + 2*n + 3 - 41, c*s = n + 96. List the prime factors of s.
2, 23
Let i(b) = -b + 1. Let r be i(-2). Let z = 3 - 1. Suppose -r = -c + z. List the prime factors of c.
5
Let b(y) = -y**3 - 3*y**2 - 2*y + 2. List the prime factors of b(-4).
2, 13
Let s be (-9)/(-2*(-6)/8). Let o = s + 40. What are the prime factors of o?
2, 17
Suppose 0 = -5*l + 2*l - 72. Let u = 41 + l. What are the prime factors of u?
17
Let h(u) = -5*u - 7. Let q be h(-6). Let g = q - 0. List the prime factors of g.
23
Let h be (0 - 1)/((-1)/(-3)). List the prime factors of 12 + (0 - 3)/h.
13
Let a(j) be the third derivative of -j**6/120 + 13*j**5/60 - j**4/2 + j**3/2 - 5*j**2. List the prime factors of a(12).
3
Let y(o) = -11*o + 5. Suppose -2 = -2*q - 8. What are the prime factors of y(q)?
2, 19
Let d = 25 - 59. Let q be 4/(-10) + d/(-10). Suppose -3 = -q*s + 6. What are the prime factors of s?
3
Let r(d) = -d**3 + 7*d**2 - d. Let w be r(7). Let f(k) = 1. Let p(a) = -a. Let u(n) = -f(n) + p(n). What are the prime factors of u(w)?
2, 3
Suppose -5*s = -11*u + 7*u - 1392, 1098 = 4*s + 2*u. What are the prime factors of s?
2, 3, 23
Suppose 0 = -2*l + 2 + 10. Suppose -5*o - 34 = -l*o. What are the prime factors of o?
2, 17
Let s = -38 - -64. What are the prime factors of s?
2, 13
Suppose u = 5*n - 250, 0 = 5*n + u + 3*u - 250. Suppose 6*w - w = n. What are the prime factors of w?
2, 5
Let d be (-2)/(-4) - (-3)/(-2). Let m = d + 4. List the prime factors of -1 + m + 1*8.
2, 5
Let x be (-1)/(1/(-30)*2). Suppose -2*t = t - x. Suppose -k + t = -0. List the prime factors of k.
5
Let s(t) = -t**2 - 2 - 10*t + t + 13. What are the prime factors of s(-8)?
19
Suppose -m = -0*m + 2*x + 5, -3*m + x - 15 = 0. List the prime factors of (21 + (m - -3))*1.
19
Suppose -4*h + 23 = -225. Suppose m + h = 2*v - m, 4*m - 58 = -3*v. What are the prime factors of v?
2, 13
List the prime factors of 7 - -73 - 4/(-1).
2, 3, 7
Let b(x) = -2*x**3 - 3*x**2 - 2*x - 3. Let z be b(-2). Suppose -4*c = g - 67, -g - 73 = -z*c + 22. What are the prime factors of c?
2, 3
Let l = 81 - -19. Suppose 2*f - l = -3*f. Suppose 2*a - f = -5*w + 4, 4*w = 4*a + 8. What are the prime factors of w?
2
Let f(t) = 259*t + 4. What are the prime factors of f(1)?
263
Suppose 0*a - 3*a + o + 34 = 0, 0 = -5*a - o + 46. Suppose a = 5*c, 5*z = -0*c + 3*c + 139. List the prime factors of z.
29
Let m(g) = 5*g**2 - g - 4. Let y be m(-3). Suppose 5*i - i = y. List the prime factors of i.
11
Suppose 2 + 18 = 5*p. Suppose -5*c + 2*c - p*k - 29 = 0, -k + 1 = -2*c. List the prime factors of (-9)/6*34/c.
17
Let m(i) = 3*i**2 + i. Let k be m(-1). Suppose k*s + o = -4*o + 27, 0 = o - 3. Suppose -4*u + s = -u. List the prime factors of u.
2
Suppose -1509 = -5*n - 74. List the prime factors of n.
7, 41
Let v = -4 + 6. Suppose q = -v*q + 36. What are the prime factors of q?
2, 3
List the prime factors of 1/(4/1056*4).
2, 3, 11
Let b(s) = -s**2 - 7*s - 1. Let j be b(-6). Suppose -4*w + j + 55 = 0. What are the prime factors of w?
3, 5
Let c = 3 + -3. Let x be 2 - (c - -1) - -4. Suppose 0 = -2*w + x*b - 15, -2*w = -5*w + 3*b. List the prime factors of w.
5
Suppose 7 = -p + 42. List the prime factors of p.
5, 7
Suppose -5*q + 0*q = -4*k - 46, -k - 4 = 0. List the prime factors of (-72)/(-16)*56/q.
2, 3, 7
Let v = 14 - 6. Suppose -4*t - 68 = -v*t. What are the prime factors of t?
17
Let x(f) = -2*f**2 - f + 2. Let v be x(-3). Let k = 12 - v. List the prime factors of k.
5
Let h(w) = w**2 - w + 4. Let u(l) = -3*l**2 + 3*l - 11. Let x(d) = -17*h(d) - 6*u(d). What are the prime factors of x(-3)?
2, 5
Let w = 24 - 11. Let y = 12 - 8. Suppose 35 = y*v - w. What are the prime factors of v?
2, 3
Let m = -14 - -16. Suppose m*k - 6 = 14. List the prime factors of k.
2, 5
Suppose 5*l - 10 = 15. Suppose 0 = -l*b - t - 2*t + 34, -4*b = 3*t - 29. Suppose 5*m - b = 0, -2*g - 2*m - m + 11 = 0. What are the prime factors of g?
2
Suppose 0 = 3*g - 5*v + 14, g + 16 = 3*g + 3*v. List the prime factors of g.
2
Let f(c) = -5*c**3 - 1. Let g be f(-1). What are the prime factors of g/(-12) - 13/(-3)?
2
Suppose 2*i = 5*i - 18. Let b = 7 - i. Suppose -b + 16 = 3*r. What are the prime factors of r?
5
Let m(u) = 8*u - 16. What are the prime factors of m(20)?
2, 3
Let v(b) = 2*b**2 - 26*b - 11. What are the prime factors of v(22)?
5, 7, 11
Let l = -3 - -6. Suppose 0*g + l*g - 9 = 0. Suppose w + 3*k = -2*k - 12, -g*w = -k - 28. What are the prime factors of w?
2
Let m be ((-12)/(-8))/(3/(-8)). Suppose -5*t + 3*v = 19, -v - 4*v + 15 = 0. List the prime factors of t/m - (-54)/4.
2, 7
Suppose -228 = -2*x + 2*i, -5*x - 338 = -8*x - i. What are the prime factors of x?
113
List the prime factors of (-4)/(-16) - 393/(-12).
3, 11
Let v(z) = -7*z - 6. Let r(o) = -o - 1. Suppose -4*s - 1 = -3*s. Let x(p) = s*v(p) + 6*r(p). List the prime factors of x(2).
2
Let l = 3 + -1. Suppose t + 3*t - l*i - 30 = 0, 4*i = -t + 3. What are the prime factors of t?
7
Suppose -15 = 3*c, 2*x - 3*c - 110 = -3*x. Let r = -5 + x. List t